{"id":2146,"date":"2026-04-27T15:05:29","date_gmt":"2026-04-27T13:05:29","guid":{"rendered":"https:\/\/kathleenmoore.fr\/?post_type=product&#038;p=2146"},"modified":"2026-04-29T17:09:32","modified_gmt":"2026-04-29T15:09:32","slug":"yoga-brunch-ecully","status":"publish","type":"product","link":"https:\/\/kathleenmoore.fr\/index.php\/produit\/yoga-brunch-ecully\/","title":{"rendered":"Yoga Brunch \u00e0 Ecully"},"content":{"rendered":"<div id=\"seo-text\" class=\"content-block\">\n<p data-start=\"0\" data-end=\"246\"><span dir=\"auto\" style=\"vertical-align: inherit;\"><span dir=\"auto\" style=\"vertical-align: inherit;\">Un <\/span><\/span><strong data-start=\"3\" data-end=\"27\"><span dir=\"auto\" style=\"vertical-align: inherit;\"><span dir=\"auto\" style=\"vertical-align: inherit;\">Yoga Brunch \u00e0 \u00c9cully<\/span><\/span><\/strong><span dir=\"auto\" style=\"vertical-align: inherit;\"><span dir=\"auto\" style=\"vertical-align: inherit;\"> est organis\u00e9 le <\/span><\/span><strong data-start=\"44\" data-end=\"69\"><span dir=\"auto\" style=\"vertical-align: inherit;\"><span dir=\"auto\" style=\"vertical-align: inherit;\">vendredi 8 mai \u00e0 9h30<\/span><\/span><\/strong><span dir=\"auto\" style=\"vertical-align: inherit;\"><span dir=\"auto\" style=\"vertical-align: inherit;\"> au Caf\u00e9 Sans Filtre. L&#8217;\u00e9v\u00e9nement propose une s\u00e9ance de yoga en plein air, accessible \u00e0 tous et anim\u00e9e par Kathleen Moore, suivie d&#8217;un brunch maison \u00e0 base de produits locaux.<\/span><\/span><\/p>\n<p data-start=\"248\" data-end=\"400\"><span dir=\"auto\" style=\"vertical-align: inherit;\"><span dir=\"auto\" style=\"vertical-align: inherit;\">Pens\u00e9e comme une parenth\u00e8se <strong>bien-\u00eatre<\/strong> en petit groupe, l&#8217;exp\u00e9rience allie d\u00e9tente, respiration et convivialit\u00e9 dans un <strong>cadre calme<\/strong> et v\u00e9g\u00e9talis\u00e9.<\/span><\/span><\/p>\n<p data-start=\"402\" data-end=\"596\" data-is-last-node=\"\" data-is-only-node=\"\"><span dir=\"auto\" style=\"vertical-align: inherit;\"><span dir=\"auto\" style=\"vertical-align: inherit;\">La formule compl\u00e8te est \u00e0 40 \u20ac et comprend <strong>1 heure de yoga et un brunch<\/strong>, avec r\u00e9servation en ligne obligatoire.<\/span><\/span><\/p>\n<\/div>\n<p><span dir=\"auto\" style=\"vertical-align: inherit;\"><span dir=\"auto\" style=\"vertical-align: inherit;\"><span dir=\"auto\" style=\"vertical-align: inherit;\"><span dir=\"auto\" style=\"vertical-align: inherit;\"><span dir=\"auto\" style=\"vertical-align: inherit;\"><span dir=\"auto\" style=\"vertical-align: inherit;\">\ud83d\udccd Lieu : <strong>Caf\u00e9 Sans Filtre \u00e0 Ecully<\/strong> (69130)<\/span><\/span><\/span><\/span><\/span><\/span><\/p>\n<p><span dir=\"auto\" style=\"vertical-align: inherit;\"><span dir=\"auto\" style=\"vertical-align: inherit;\"><span dir=\"auto\" style=\"vertical-align: inherit;\"><span dir=\"auto\" style=\"vertical-align: inherit;\"><span dir=\"auto\" style=\"vertical-align: inherit;\"><span dir=\"auto\" style=\"vertical-align: inherit;\">\ud83c\udf24\ufe0f En ext\u00e9rieur : s\u00e9ance sur la terrasse (sous r\u00e9serve de beau temps)<\/span><\/span><\/span><\/span><\/span><\/span><\/p>\n<p><span dir=\"auto\" style=\"vertical-align: inherit;\"><span dir=\"auto\" style=\"vertical-align: inherit;\"><span dir=\"auto\" style=\"vertical-align: inherit;\"><span dir=\"auto\" style=\"vertical-align: inherit;\"><span dir=\"auto\" style=\"vertical-align: inherit;\"><span dir=\"auto\" style=\"vertical-align: inherit;\">\ud83d\udc65 <strong>Places limit\u00e9es<\/strong> : \u00e9v\u00e9nement en petit groupe pour <strong>une exp\u00e9rience privil\u00e9gi\u00e9e<\/strong><\/span><\/span><\/span><\/span><\/span><\/span><\/p>\n<p><span dir=\"auto\" style=\"vertical-align: inherit;\"><span dir=\"auto\" style=\"vertical-align: inherit;\"><span dir=\"auto\" style=\"vertical-align: inherit;\"><span dir=\"auto\" style=\"vertical-align: inherit;\"><span dir=\"auto\" style=\"vertical-align: inherit;\"><span dir=\"auto\" style=\"vertical-align: inherit;\">\ud83c\udf9f\ufe0f <strong>R\u00e9servation obligatoire en ligne<\/strong> ; paiement s\u00e9curis\u00e9 \u00e0 la r\u00e9servation<\/span><\/span><\/span><\/span><\/span><\/span><\/p>\n<p><span dir=\"auto\" style=\"vertical-align: inherit;\"><span dir=\"auto\" style=\"vertical-align: inherit;\"><span dir=\"auto\" style=\"vertical-align: inherit;\"><span dir=\"auto\" style=\"vertical-align: inherit;\"><span dir=\"auto\" style=\"vertical-align: inherit;\"><span dir=\"auto\" style=\"vertical-align: inherit;\">\u274c Annulation : remboursement int\u00e9gral jusqu&#8217;\u00e0 48h avant l&#8217;\u00e9v\u00e9nement<\/span><\/span><\/span><\/span><\/span><\/span><\/p>\n<p><span dir=\"auto\" style=\"vertical-align: inherit;\"><span dir=\"auto\" style=\"vertical-align: inherit;\"><span dir=\"auto\" style=\"vertical-align: inherit;\">Les deux sont indissociables : <\/span><\/span><\/span><em><strong><span dir=\"auto\" style=\"vertical-align: inherit;\"><span dir=\"auto\" style=\"vertical-align: inherit;\"><span dir=\"auto\" style=\"vertical-align: inherit;\">la formule est vendue ensemble uniquement.<\/span><\/span><\/span><\/strong><\/em><\/p>\n<p><em><span dir=\"auto\" style=\"vertical-align: inherit;\"><span dir=\"auto\" style=\"vertical-align: inherit;\"><span dir=\"auto\" style=\"vertical-align: inherit;\"><span dir=\"auto\" style=\"vertical-align: inherit;\"><span dir=\"auto\" style=\"vertical-align: inherit;\"><span dir=\"auto\" style=\"vertical-align: inherit;\">La s\u00e9ance se d\u00e9roule uniquement par beau temps. <\/span><\/span><\/span><\/span><\/span><\/span><\/em><em><span dir=\"auto\" style=\"vertical-align: inherit;\"><span dir=\"auto\" style=\"vertical-align: inherit;\"><span dir=\"auto\" style=\"vertical-align: inherit;\"><span dir=\"auto\" style=\"vertical-align: inherit;\"><span dir=\"auto\" style=\"vertical-align: inherit;\"><span dir=\"auto\" style=\"vertical-align: inherit;\">En cas de conditions m\u00e9t\u00e9o d\u00e9favorables, vous serez pr\u00e9venus dans les 24h et int\u00e9gralement rembours\u00e9s.<\/span><\/span><\/span><\/span><\/span><\/span><\/em><\/p>\n","protected":false},"excerpt":{"rendered":"<p data-start=\"0\" data-end=\"100\">Et si vous profitiez du jour f\u00e9ri\u00e9 du <strong>vendredi 8 mai<\/strong> pour vous accorder un vrai moment pour vous ?<\/p>\n<p data-start=\"102\" data-end=\"251\">Imaginez\u2026 votre tapis de yoga sur la terrasse ensoleill\u00e9e du <em><strong>Caf\u00e9 Sans Filtre \u00e0 \u00c9cully<\/strong><\/em>, le souffle qui s\u2019apaise, le corps qui s\u2019\u00e9veille en douceur.<\/p>\n<p data-start=\"253\" data-end=\"339\">Puis, juste apr\u00e8s, un <strong>brunch gourmand<\/strong> pour prolonger cette parenth\u00e8se hors du temps.<\/p>\n<p data-start=\"341\" data-end=\"561\">Le <strong>Yoga Brunch<\/strong>, c\u2019est une exp\u00e9rience compl\u00e8te qui m\u00eale <strong>bien-\u00eatre et plaisir<\/strong> : une s\u00e9ance accessible \u00e0 tous, suivie d\u2019un brunch sp\u00e9cialement pr\u00e9par\u00e9 pour l\u2019occasion, le tout dans une <strong>ambiance intimiste, en petit groupe.<\/strong><\/p>\n<p data-start=\"563\" data-end=\"584\" data-is-last-node=\"\" data-is-only-node=\"\">Alors, vous venez ? \u2728<\/p>\n","protected":false},"featured_media":2150,"comment_status":"open","ping_status":"closed","template":"","meta":[],"product_brand":[],"product_cat":[32],"product_tag":[],"class_list":{"0":"post-2146","1":"product","2":"type-product","3":"status-publish","4":"has-post-thumbnail","6":"product_cat-non-classe","8":"first","9":"instock","10":"downloadable","11":"shipping-taxable","12":"purchasable","13":"product-type-simple"},"yoast_head":"<!-- This site is optimized with the Yoast SEO plugin v26.6 - https:\/\/yoast.com\/wordpress\/plugins\/seo\/ -->\n<title>Yoga Brunch \u00e0 Ecully - Kathleen MOORE<\/title>\n<meta name=\"description\" content=\"Vivez une matin\u00e9e unique : s\u00e9ance de yoga en plein air sur la terrasse du Caf\u00e9 Sans Filtre \u00e0 Ecully, suivie d&#039;un brunch fait maison. 40 \u20ac tout compris.\" \/>\n<meta name=\"robots\" content=\"index, follow, max-snippet:-1, max-image-preview:large, max-video-preview:-1\" \/>\n<link rel=\"canonical\" href=\"https:\/\/kathleenmoore.fr\/index.php\/produit\/yoga-brunch-ecully\/\" \/>\n<meta property=\"og:locale\" content=\"en_US\" \/>\n<meta property=\"og:type\" content=\"article\" \/>\n<meta property=\"og:title\" content=\"Yoga Brunch \u00e0 Ecully - Kathleen MOORE\" \/>\n<meta property=\"og:description\" content=\"Vivez une matin\u00e9e unique : s\u00e9ance de yoga en plein air sur la terrasse du Caf\u00e9 Sans Filtre \u00e0 Ecully, suivie d&#039;un brunch fait maison. 40 \u20ac tout compris.\" \/>\n<meta property=\"og:url\" content=\"https:\/\/kathleenmoore.fr\/index.php\/produit\/yoga-brunch-ecully\/\" \/>\n<meta property=\"og:site_name\" content=\"Kathleen MOORE\" \/>\n<meta property=\"article:modified_time\" content=\"2026-04-29T15:09:32+00:00\" \/>\n<meta property=\"og:image\" content=\"http:\/\/kathleenmoore.fr\/wp-content\/uploads\/2026\/04\/IMG_0778-scaled.jpg\" \/>\n\t<meta property=\"og:image:width\" content=\"1920\" \/>\n\t<meta property=\"og:image:height\" content=\"2560\" \/>\n\t<meta property=\"og:image:type\" content=\"image\/jpeg\" \/>\n<meta name=\"twitter:card\" content=\"summary_large_image\" \/>\n<meta name=\"twitter:label1\" content=\"Est. reading time\" \/>\n\t<meta name=\"twitter:data1\" content=\"1 minute\" \/>\n<script type=\"application\/ld+json\" class=\"yoast-schema-graph\">{\"@context\":\"https:\/\/schema.org\",\"@graph\":[{\"@type\":\"WebPage\",\"@id\":\"https:\/\/kathleenmoore.fr\/index.php\/produit\/yoga-brunch-ecully\/\",\"url\":\"https:\/\/kathleenmoore.fr\/index.php\/produit\/yoga-brunch-ecully\/\",\"name\":\"Yoga Brunch \u00e0 Ecully - Kathleen MOORE\",\"isPartOf\":{\"@id\":\"https:\/\/kathleenmoore.fr\/#website\"},\"primaryImageOfPage\":{\"@id\":\"https:\/\/kathleenmoore.fr\/index.php\/produit\/yoga-brunch-ecully\/#primaryimage\"},\"image\":{\"@id\":\"https:\/\/kathleenmoore.fr\/index.php\/produit\/yoga-brunch-ecully\/#primaryimage\"},\"thumbnailUrl\":\"https:\/\/kathleenmoore.fr\/wp-content\/uploads\/2026\/04\/IMG_0778-scaled.jpg\",\"datePublished\":\"2026-04-27T13:05:29+00:00\",\"dateModified\":\"2026-04-29T15:09:32+00:00\",\"description\":\"Vivez une matin\u00e9e unique : s\u00e9ance de yoga en plein air sur la terrasse du Caf\u00e9 Sans Filtre \u00e0 Ecully, suivie d'un brunch fait maison. 40 \u20ac tout compris.\",\"breadcrumb\":{\"@id\":\"https:\/\/kathleenmoore.fr\/index.php\/produit\/yoga-brunch-ecully\/#breadcrumb\"},\"inLanguage\":\"en-US\",\"potentialAction\":[{\"@type\":\"ReadAction\",\"target\":[\"https:\/\/kathleenmoore.fr\/index.php\/produit\/yoga-brunch-ecully\/\"]}]},{\"@type\":\"ImageObject\",\"inLanguage\":\"en-US\",\"@id\":\"https:\/\/kathleenmoore.fr\/index.php\/produit\/yoga-brunch-ecully\/#primaryimage\",\"url\":\"https:\/\/kathleenmoore.fr\/wp-content\/uploads\/2026\/04\/IMG_0778-scaled.jpg\",\"contentUrl\":\"https:\/\/kathleenmoore.fr\/wp-content\/uploads\/2026\/04\/IMG_0778-scaled.jpg\",\"width\":1920,\"height\":2560},{\"@type\":\"BreadcrumbList\",\"@id\":\"https:\/\/kathleenmoore.fr\/index.php\/produit\/yoga-brunch-ecully\/#breadcrumb\",\"itemListElement\":[{\"@type\":\"ListItem\",\"position\":1,\"name\":\"Accueil\",\"item\":\"https:\/\/kathleenmoore.fr\/\"},{\"@type\":\"ListItem\",\"position\":2,\"name\":\"Boutique\",\"item\":\"https:\/\/kathleenmoore.fr\/index.php\/boutique\/\"},{\"@type\":\"ListItem\",\"position\":3,\"name\":\"Yoga Brunch \u00e0 Ecully\"}]},{\"@type\":\"WebSite\",\"@id\":\"https:\/\/kathleenmoore.fr\/#website\",\"url\":\"https:\/\/kathleenmoore.fr\/\",\"name\":\"Kathleen MOORE\",\"description\":\"Yoga &amp; Nutrition\",\"publisher\":{\"@id\":\"https:\/\/kathleenmoore.fr\/#organization\"},\"potentialAction\":[{\"@type\":\"SearchAction\",\"target\":{\"@type\":\"EntryPoint\",\"urlTemplate\":\"https:\/\/kathleenmoore.fr\/?s={search_term_string}\"},\"query-input\":{\"@type\":\"PropertyValueSpecification\",\"valueRequired\":true,\"valueName\":\"search_term_string\"}}],\"inLanguage\":\"en-US\"},{\"@type\":\"Organization\",\"@id\":\"https:\/\/kathleenmoore.fr\/#organization\",\"name\":\"Kathleen MOORE\",\"url\":\"https:\/\/kathleenmoore.fr\/\",\"logo\":{\"@type\":\"ImageObject\",\"inLanguage\":\"en-US\",\"@id\":\"https:\/\/kathleenmoore.fr\/#\/schema\/logo\/image\/\",\"url\":\"https:\/\/kathleenmoore.fr\/wp-content\/uploads\/2025\/01\/cropped-KATHLEEN-MOORE-2.png\",\"contentUrl\":\"https:\/\/kathleenmoore.fr\/wp-content\/uploads\/2025\/01\/cropped-KATHLEEN-MOORE-2.png\",\"width\":395,\"height\":404,\"caption\":\"Kathleen MOORE\"},\"image\":{\"@id\":\"https:\/\/kathleenmoore.fr\/#\/schema\/logo\/image\/\"},\"sameAs\":[\"https:\/\/www.instagram.com\/kathleen.mre\/\"]}]}<\/script>\n<!-- \/ Yoast SEO plugin. -->","yoast_head_json":{"title":"Yoga Brunch \u00e0 Ecully - Kathleen MOORE","description":"Vivez une matin\u00e9e unique : s\u00e9ance de yoga en plein air sur la terrasse du Caf\u00e9 Sans Filtre \u00e0 Ecully, suivie d'un brunch fait maison. 40 \u20ac tout compris.","robots":{"index":"index","follow":"follow","max-snippet":"max-snippet:-1","max-image-preview":"max-image-preview:large","max-video-preview":"max-video-preview:-1"},"canonical":"https:\/\/kathleenmoore.fr\/index.php\/produit\/yoga-brunch-ecully\/","og_locale":"en_US","og_type":"article","og_title":"Yoga Brunch \u00e0 Ecully - Kathleen MOORE","og_description":"Vivez une matin\u00e9e unique : s\u00e9ance de yoga en plein air sur la terrasse du Caf\u00e9 Sans Filtre \u00e0 Ecully, suivie d'un brunch fait maison. 40 \u20ac tout compris.","og_url":"https:\/\/kathleenmoore.fr\/index.php\/produit\/yoga-brunch-ecully\/","og_site_name":"Kathleen MOORE","article_modified_time":"2026-04-29T15:09:32+00:00","og_image":[{"width":1920,"height":2560,"url":"http:\/\/kathleenmoore.fr\/wp-content\/uploads\/2026\/04\/IMG_0778-scaled.jpg","type":"image\/jpeg"}],"twitter_card":"summary_large_image","twitter_misc":{"Est. reading time":"1 minute"},"schema":{"@context":"https:\/\/schema.org","@graph":[{"@type":"WebPage","@id":"https:\/\/kathleenmoore.fr\/index.php\/produit\/yoga-brunch-ecully\/","url":"https:\/\/kathleenmoore.fr\/index.php\/produit\/yoga-brunch-ecully\/","name":"Yoga Brunch \u00e0 Ecully - Kathleen MOORE","isPartOf":{"@id":"https:\/\/kathleenmoore.fr\/#website"},"primaryImageOfPage":{"@id":"https:\/\/kathleenmoore.fr\/index.php\/produit\/yoga-brunch-ecully\/#primaryimage"},"image":{"@id":"https:\/\/kathleenmoore.fr\/index.php\/produit\/yoga-brunch-ecully\/#primaryimage"},"thumbnailUrl":"https:\/\/kathleenmoore.fr\/wp-content\/uploads\/2026\/04\/IMG_0778-scaled.jpg","datePublished":"2026-04-27T13:05:29+00:00","dateModified":"2026-04-29T15:09:32+00:00","description":"Vivez une matin\u00e9e unique : s\u00e9ance de yoga en plein air sur la terrasse du Caf\u00e9 Sans Filtre \u00e0 Ecully, suivie d'un brunch fait maison. 40 \u20ac tout compris.","breadcrumb":{"@id":"https:\/\/kathleenmoore.fr\/index.php\/produit\/yoga-brunch-ecully\/#breadcrumb"},"inLanguage":"en-US","potentialAction":[{"@type":"ReadAction","target":["https:\/\/kathleenmoore.fr\/index.php\/produit\/yoga-brunch-ecully\/"]}]},{"@type":"ImageObject","inLanguage":"en-US","@id":"https:\/\/kathleenmoore.fr\/index.php\/produit\/yoga-brunch-ecully\/#primaryimage","url":"https:\/\/kathleenmoore.fr\/wp-content\/uploads\/2026\/04\/IMG_0778-scaled.jpg","contentUrl":"https:\/\/kathleenmoore.fr\/wp-content\/uploads\/2026\/04\/IMG_0778-scaled.jpg","width":1920,"height":2560},{"@type":"BreadcrumbList","@id":"https:\/\/kathleenmoore.fr\/index.php\/produit\/yoga-brunch-ecully\/#breadcrumb","itemListElement":[{"@type":"ListItem","position":1,"name":"Accueil","item":"https:\/\/kathleenmoore.fr\/"},{"@type":"ListItem","position":2,"name":"Boutique","item":"https:\/\/kathleenmoore.fr\/index.php\/boutique\/"},{"@type":"ListItem","position":3,"name":"Yoga Brunch \u00e0 Ecully"}]},{"@type":"WebSite","@id":"https:\/\/kathleenmoore.fr\/#website","url":"https:\/\/kathleenmoore.fr\/","name":"Kathleen MOORE","description":"Yoga &amp; Nutrition","publisher":{"@id":"https:\/\/kathleenmoore.fr\/#organization"},"potentialAction":[{"@type":"SearchAction","target":{"@type":"EntryPoint","urlTemplate":"https:\/\/kathleenmoore.fr\/?s={search_term_string}"},"query-input":{"@type":"PropertyValueSpecification","valueRequired":true,"valueName":"search_term_string"}}],"inLanguage":"en-US"},{"@type":"Organization","@id":"https:\/\/kathleenmoore.fr\/#organization","name":"Kathleen MOORE","url":"https:\/\/kathleenmoore.fr\/","logo":{"@type":"ImageObject","inLanguage":"en-US","@id":"https:\/\/kathleenmoore.fr\/#\/schema\/logo\/image\/","url":"https:\/\/kathleenmoore.fr\/wp-content\/uploads\/2025\/01\/cropped-KATHLEEN-MOORE-2.png","contentUrl":"https:\/\/kathleenmoore.fr\/wp-content\/uploads\/2025\/01\/cropped-KATHLEEN-MOORE-2.png","width":395,"height":404,"caption":"Kathleen MOORE"},"image":{"@id":"https:\/\/kathleenmoore.fr\/#\/schema\/logo\/image\/"},"sameAs":["https:\/\/www.instagram.com\/kathleen.mre\/"]}]}},"jetpack_sharing_enabled":true,"_links":{"self":[{"href":"https:\/\/kathleenmoore.fr\/index.php\/wp-json\/wp\/v2\/product\/2146","targetHints":{"allow":["GET"]}}],"collection":[{"href":"https:\/\/kathleenmoore.fr\/index.php\/wp-json\/wp\/v2\/product"}],"about":[{"href":"https:\/\/kathleenmoore.fr\/index.php\/wp-json\/wp\/v2\/types\/product"}],"replies":[{"embeddable":true,"href":"https:\/\/kathleenmoore.fr\/index.php\/wp-json\/wp\/v2\/comments?post=2146"}],"wp:featuredmedia":[{"embeddable":true,"href":"https:\/\/kathleenmoore.fr\/index.php\/wp-json\/wp\/v2\/media\/2150"}],"wp:attachment":[{"href":"https:\/\/kathleenmoore.fr\/index.php\/wp-json\/wp\/v2\/media?parent=2146"}],"wp:term":[{"taxonomy":"product_brand","embeddable":true,"href":"https:\/\/kathleenmoore.fr\/index.php\/wp-json\/wp\/v2\/product_brand?post=2146"},{"taxonomy":"product_cat","embeddable":true,"href":"https:\/\/kathleenmoore.fr\/index.php\/wp-json\/wp\/v2\/product_cat?post=2146"},{"taxonomy":"product_tag","embeddable":true,"href":"https:\/\/kathleenmoore.fr\/index.php\/wp-json\/wp\/v2\/product_tag?post=2146"}],"curies":[{"name":"wp","href":"https:\/\/api.w.org\/{rel}","templated":true}]}}